{"id":169,"date":"2019-04-09T11:54:19","date_gmt":"2019-04-09T14:54:19","guid":{"rendered":"http:\/\/fctelecom.cl\/?page_id=169"},"modified":"2019-04-11T13:24:56","modified_gmt":"2019-04-11T16:24:56","slug":"quienes-somos","status":"publish","type":"page","link":"https:\/\/fctelecom.cl\/index.php\/quienes-somos\/","title":{"rendered":"Quienes Somos"},"content":{"rendered":"\n<ul class=\"wp-block-gallery alignleft columns-1 is-cropped wp-block-gallery-1 is-layout-flex wp-block-gallery-is-layout-flex\"><li class=\"blocks-gallery-item\"><figure><img loading=\"lazy\" decoding=\"async\" width=\"871\" height=\"299\" src=\"http:\/\/fctelecom.cl\/wp-content\/uploads\/2019\/04\/LOGO-FC-telecom-blanco-2871x299.jpg\" alt=\"\" data-id=\"192\" data-link=\"http:\/\/fctelecom.cl\/index.php\/quienes-somos\/logo-fc-telecom-blanco-2871x299\/\" class=\"wp-image-192\" srcset=\"https:\/\/fctelecom.cl\/wp-content\/uploads\/2019\/04\/LOGO-FC-telecom-blanco-2871x299.jpg 871w, https:\/\/fctelecom.cl\/wp-content\/uploads\/2019\/04\/LOGO-FC-telecom-blanco-2871x299-300x103.jpg 300w, https:\/\/fctelecom.cl\/wp-content\/uploads\/2019\/04\/LOGO-FC-telecom-blanco-2871x299-768x264.jpg 768w\" sizes=\"auto, (max-width: 706px) 89vw, (max-width: 767px) 82vw, 740px\" \/><\/figure><\/li><\/ul>\n\n\n\n<p>Es una empresa consolidada y desarrollada, para la atenci\u00f3n inmediata al p\u00fablico y asesor\u00eda profesional en las distintas \u00e1reas que conjugan la industria de la Telecomunicaci\u00f3n, Electricidad, Inform\u00e1tica, y Mantenimiento integral de distintos tipos de solicitudes por parte del cliente. Adem\u00e1s de ser una empresa comprometida con el cuidado del medio ambiente, procuramos que nuestros procedimientos sean los m\u00e1s eficaces de la industria.\u00a0 Nuestro objetivo es proporcionar una <strong>excelente calidad, tarifas competitivas y un servicio exclusivo<\/strong>\u00a0al cliente en todas las fases del proyecto. Escuchamos las necesidades de nuestros clientes,\u00a0<strong>ofrecemos soluciones realistas<\/strong> y conseguimos los resultados prometidos.<br><br>Nuestra prioridad es la\u00a0<strong>confianza y la satisfacci\u00f3n\u00a0<\/strong>de nuestros clientes.<\/p>\n","protected":false},"excerpt":{"rendered":"<p>Es una empresa consolidada y desarrollada, para la atenci\u00f3n inmediata al p\u00fablico y asesor\u00eda profesional en las distintas \u00e1reas que conjugan la industria de la Telecomunicaci\u00f3n, Electricidad, Inform\u00e1tica, y Mantenimiento integral de distintos tipos de solicitudes por parte del cliente. Adem\u00e1s de ser una empresa comprometida con el cuidado del medio ambiente, procuramos que nuestros &hellip; <\/p>\n<p class=\"link-more\"><a href=\"https:\/\/fctelecom.cl\/index.php\/quienes-somos\/\" class=\"more-link\">Continua leyendo<span class=\"screen-reader-text\"> &#8220;Quienes Somos&#8221;<\/span><\/a><\/p>\n","protected":false},"author":1,"featured_media":0,"parent":0,"menu_order":0,"comment_status":"closed","ping_status":"closed","template":"","meta":{"footnotes":""},"class_list":["post-169","page","type-page","status-publish","hentry"],"yoast_head":"<!-- This site is optimized with the Yoast SEO plugin v24.9 - https:\/\/yoast.com\/wordpress\/plugins\/seo\/ -->\n<title>Quienes Somos - TELECOM<\/title>\n<meta name=\"robots\" content=\"index, follow, max-snippet:-1, max-image-preview:large, max-video-preview:-1\" \/>\n<link rel=\"canonical\" href=\"https:\/\/fctelecom.cl\/index.php\/quienes-somos\/\" \/>\n<meta property=\"og:locale\" content=\"es_ES\" \/>\n<meta property=\"og:type\" content=\"article\" \/>\n<meta property=\"og:title\" content=\"Quienes Somos - TELECOM\" \/>\n<meta property=\"og:description\" content=\"Es una empresa consolidada y desarrollada, para la atenci\u00f3n inmediata al p\u00fablico y asesor\u00eda profesional en las distintas \u00e1reas que conjugan la industria de la Telecomunicaci\u00f3n, Electricidad, Inform\u00e1tica, y Mantenimiento integral de distintos tipos de solicitudes por parte del cliente. Adem\u00e1s de ser una empresa comprometida con el cuidado del medio ambiente, procuramos que nuestros &hellip; Continua leyendo &quot;Quienes Somos&quot;\" \/>\n<meta property=\"og:url\" content=\"https:\/\/fctelecom.cl\/index.php\/quienes-somos\/\" \/>\n<meta property=\"og:site_name\" content=\"TELECOM\" \/>\n<meta property=\"article:modified_time\" content=\"2019-04-11T16:24:56+00:00\" \/>\n<meta property=\"og:image\" content=\"https:\/\/fctelecom.cl\/wp-content\/uploads\/2019\/04\/LOGO-FC-telecom-blanco-2871x299.jpg\" \/>\n\t<meta property=\"og:image:width\" content=\"871\" \/>\n\t<meta property=\"og:image:height\" content=\"299\" \/>\n\t<meta property=\"og:image:type\" content=\"image\/jpeg\" \/>\n<meta name=\"twitter:card\" content=\"summary_large_image\" \/>\n<meta name=\"twitter:label1\" content=\"Tiempo estimado de lectura\" \/>\n\t<meta name=\"twitter:data1\" content=\"1 minuto\" \/>\n<script type=\"application\/ld+json\" class=\"yoast-schema-graph\">{\"@context\":\"https:\/\/schema.org\",\"@graph\":[{\"@type\":\"WebPage\",\"@id\":\"https:\/\/fctelecom.cl\/index.php\/quienes-somos\/\",\"url\":\"https:\/\/fctelecom.cl\/index.php\/quienes-somos\/\",\"name\":\"Quienes Somos - TELECOM\",\"isPartOf\":{\"@id\":\"https:\/\/fctelecom.cl\/#website\"},\"primaryImageOfPage\":{\"@id\":\"https:\/\/fctelecom.cl\/index.php\/quienes-somos\/#primaryimage\"},\"image\":{\"@id\":\"https:\/\/fctelecom.cl\/index.php\/quienes-somos\/#primaryimage\"},\"thumbnailUrl\":\"http:\/\/fctelecom.cl\/wp-content\/uploads\/2019\/04\/LOGO-FC-telecom-blanco-2871x299.jpg\",\"datePublished\":\"2019-04-09T14:54:19+00:00\",\"dateModified\":\"2019-04-11T16:24:56+00:00\",\"breadcrumb\":{\"@id\":\"https:\/\/fctelecom.cl\/index.php\/quienes-somos\/#breadcrumb\"},\"inLanguage\":\"es-CL\",\"potentialAction\":[{\"@type\":\"ReadAction\",\"target\":[\"https:\/\/fctelecom.cl\/index.php\/quienes-somos\/\"]}]},{\"@type\":\"ImageObject\",\"inLanguage\":\"es-CL\",\"@id\":\"https:\/\/fctelecom.cl\/index.php\/quienes-somos\/#primaryimage\",\"url\":\"https:\/\/fctelecom.cl\/wp-content\/uploads\/2019\/04\/LOGO-FC-telecom-blanco-2871x299.jpg\",\"contentUrl\":\"https:\/\/fctelecom.cl\/wp-content\/uploads\/2019\/04\/LOGO-FC-telecom-blanco-2871x299.jpg\",\"width\":871,\"height\":299},{\"@type\":\"BreadcrumbList\",\"@id\":\"https:\/\/fctelecom.cl\/index.php\/quienes-somos\/#breadcrumb\",\"itemListElement\":[{\"@type\":\"ListItem\",\"position\":1,\"name\":\"Portada\",\"item\":\"https:\/\/fctelecom.cl\/\"},{\"@type\":\"ListItem\",\"position\":2,\"name\":\"Quienes Somos\"}]},{\"@type\":\"WebSite\",\"@id\":\"https:\/\/fctelecom.cl\/#website\",\"url\":\"https:\/\/fctelecom.cl\/\",\"name\":\"TELECOM\",\"description\":\"Soluciones y Servicios\",\"publisher\":{\"@id\":\"https:\/\/fctelecom.cl\/#organization\"},\"potentialAction\":[{\"@type\":\"SearchAction\",\"target\":{\"@type\":\"EntryPoint\",\"urlTemplate\":\"https:\/\/fctelecom.cl\/?s={search_term_string}\"},\"query-input\":{\"@type\":\"PropertyValueSpecification\",\"valueRequired\":true,\"valueName\":\"search_term_string\"}}],\"inLanguage\":\"es-CL\"},{\"@type\":\"Organization\",\"@id\":\"https:\/\/fctelecom.cl\/#organization\",\"name\":\"FC TELECOM\",\"url\":\"https:\/\/fctelecom.cl\/\",\"logo\":{\"@type\":\"ImageObject\",\"inLanguage\":\"es-CL\",\"@id\":\"https:\/\/fctelecom.cl\/#\/schema\/logo\/image\/\",\"url\":\"https:\/\/fctelecom.cl\/wp-content\/uploads\/2019\/04\/cropped-LOGO-FC-GRIS-250X250.jpg\",\"contentUrl\":\"https:\/\/fctelecom.cl\/wp-content\/uploads\/2019\/04\/cropped-LOGO-FC-GRIS-250X250.jpg\",\"width\":298,\"height\":250,\"caption\":\"FC TELECOM\"},\"image\":{\"@id\":\"https:\/\/fctelecom.cl\/#\/schema\/logo\/image\/\"}}]}<\/script>\n<!-- \/ Yoast SEO plugin. -->","yoast_head_json":{"title":"Quienes Somos - TELECOM","robots":{"index":"index","follow":"follow","max-snippet":"max-snippet:-1","max-image-preview":"max-image-preview:large","max-video-preview":"max-video-preview:-1"},"canonical":"https:\/\/fctelecom.cl\/index.php\/quienes-somos\/","og_locale":"es_ES","og_type":"article","og_title":"Quienes Somos - TELECOM","og_description":"Es una empresa consolidada y desarrollada, para la atenci\u00f3n inmediata al p\u00fablico y asesor\u00eda profesional en las distintas \u00e1reas que conjugan la industria de la Telecomunicaci\u00f3n, Electricidad, Inform\u00e1tica, y Mantenimiento integral de distintos tipos de solicitudes por parte del cliente. Adem\u00e1s de ser una empresa comprometida con el cuidado del medio ambiente, procuramos que nuestros &hellip; Continua leyendo \"Quienes Somos\"","og_url":"https:\/\/fctelecom.cl\/index.php\/quienes-somos\/","og_site_name":"TELECOM","article_modified_time":"2019-04-11T16:24:56+00:00","og_image":[{"width":871,"height":299,"url":"https:\/\/fctelecom.cl\/wp-content\/uploads\/2019\/04\/LOGO-FC-telecom-blanco-2871x299.jpg","type":"image\/jpeg"}],"twitter_card":"summary_large_image","twitter_misc":{"Tiempo estimado de lectura":"1 minuto"},"schema":{"@context":"https:\/\/schema.org","@graph":[{"@type":"WebPage","@id":"https:\/\/fctelecom.cl\/index.php\/quienes-somos\/","url":"https:\/\/fctelecom.cl\/index.php\/quienes-somos\/","name":"Quienes Somos - TELECOM","isPartOf":{"@id":"https:\/\/fctelecom.cl\/#website"},"primaryImageOfPage":{"@id":"https:\/\/fctelecom.cl\/index.php\/quienes-somos\/#primaryimage"},"image":{"@id":"https:\/\/fctelecom.cl\/index.php\/quienes-somos\/#primaryimage"},"thumbnailUrl":"http:\/\/fctelecom.cl\/wp-content\/uploads\/2019\/04\/LOGO-FC-telecom-blanco-2871x299.jpg","datePublished":"2019-04-09T14:54:19+00:00","dateModified":"2019-04-11T16:24:56+00:00","breadcrumb":{"@id":"https:\/\/fctelecom.cl\/index.php\/quienes-somos\/#breadcrumb"},"inLanguage":"es-CL","potentialAction":[{"@type":"ReadAction","target":["https:\/\/fctelecom.cl\/index.php\/quienes-somos\/"]}]},{"@type":"ImageObject","inLanguage":"es-CL","@id":"https:\/\/fctelecom.cl\/index.php\/quienes-somos\/#primaryimage","url":"https:\/\/fctelecom.cl\/wp-content\/uploads\/2019\/04\/LOGO-FC-telecom-blanco-2871x299.jpg","contentUrl":"https:\/\/fctelecom.cl\/wp-content\/uploads\/2019\/04\/LOGO-FC-telecom-blanco-2871x299.jpg","width":871,"height":299},{"@type":"BreadcrumbList","@id":"https:\/\/fctelecom.cl\/index.php\/quienes-somos\/#breadcrumb","itemListElement":[{"@type":"ListItem","position":1,"name":"Portada","item":"https:\/\/fctelecom.cl\/"},{"@type":"ListItem","position":2,"name":"Quienes Somos"}]},{"@type":"WebSite","@id":"https:\/\/fctelecom.cl\/#website","url":"https:\/\/fctelecom.cl\/","name":"TELECOM","description":"Soluciones y Servicios","publisher":{"@id":"https:\/\/fctelecom.cl\/#organization"},"potentialAction":[{"@type":"SearchAction","target":{"@type":"EntryPoint","urlTemplate":"https:\/\/fctelecom.cl\/?s={search_term_string}"},"query-input":{"@type":"PropertyValueSpecification","valueRequired":true,"valueName":"search_term_string"}}],"inLanguage":"es-CL"},{"@type":"Organization","@id":"https:\/\/fctelecom.cl\/#organization","name":"FC TELECOM","url":"https:\/\/fctelecom.cl\/","logo":{"@type":"ImageObject","inLanguage":"es-CL","@id":"https:\/\/fctelecom.cl\/#\/schema\/logo\/image\/","url":"https:\/\/fctelecom.cl\/wp-content\/uploads\/2019\/04\/cropped-LOGO-FC-GRIS-250X250.jpg","contentUrl":"https:\/\/fctelecom.cl\/wp-content\/uploads\/2019\/04\/cropped-LOGO-FC-GRIS-250X250.jpg","width":298,"height":250,"caption":"FC TELECOM"},"image":{"@id":"https:\/\/fctelecom.cl\/#\/schema\/logo\/image\/"}}]}},"_links":{"self":[{"href":"https:\/\/fctelecom.cl\/index.php\/wp-json\/wp\/v2\/pages\/169","targetHints":{"allow":["GET"]}}],"collection":[{"href":"https:\/\/fctelecom.cl\/index.php\/wp-json\/wp\/v2\/pages"}],"about":[{"href":"https:\/\/fctelecom.cl\/index.php\/wp-json\/wp\/v2\/types\/page"}],"author":[{"embeddable":true,"href":"https:\/\/fctelecom.cl\/index.php\/wp-json\/wp\/v2\/users\/1"}],"replies":[{"embeddable":true,"href":"https:\/\/fctelecom.cl\/index.php\/wp-json\/wp\/v2\/comments?post=169"}],"version-history":[{"count":8,"href":"https:\/\/fctelecom.cl\/index.php\/wp-json\/wp\/v2\/pages\/169\/revisions"}],"predecessor-version":[{"id":197,"href":"https:\/\/fctelecom.cl\/index.php\/wp-json\/wp\/v2\/pages\/169\/revisions\/197"}],"wp:attachment":[{"href":"https:\/\/fctelecom.cl\/index.php\/wp-json\/wp\/v2\/media?parent=169"}],"curies":[{"name":"wp","href":"https:\/\/api.w.org\/{rel}","templated":true}]}}